
Evaluate 1 + (2 - (9 + -1)).
-5
What is the value of -2 + (-5 - -1) - (0 + -3)?
-3
Evaluate -2 - 2 - -3 - (-14 + 16).
-3
Calculate (-8 - -2) + 34 + -27.
1
What is the value of -5 - (2 - 3 - 4)?
0
Evaluate 0 + -3 + -3 - -4 - 3.
-5
Evaluate -10 + -4 + (-2 - -5) + 9.
-2
-14 - -14 - (11 - 2)
-9
What is the value of 5 + (-1 - (-1 - 3)) + -3?
5
Evaluate -1 + -4 - (-12 - -3 - -1).
3
What is the value of (7 - 1) + -18 + 15?
3
Evaluate (7 + -14 - 0) + 8.
1
Calculate (-3 - 0) + (0 - 0) + -3.
-6
-3 + 7 + -3 + 1 + 3
5
Evaluate (0 - 2 - -3) + -71 + 71.
1
Evaluate 12 + -4 + -3 - (-6 + 3).
8
What is 1 + -3 - -6 - (-29 + 36)?
-3
What is the value of -8 + (2 - 0) + 12?
6
What is the value of (8 - 26) + 16 + 1 + 11?
10
2 - 3 - (-7 + 8)
-2
-1 + 3 + -4 + -1 + 6
3
What is 19 - (11 + -1) - 2?
7
1 - (5 + -9 + 2)
3
What is -1 + 2 - (0 - (5 - 2))?
4
What is -1 - (-1 + 0) - -1 - -4?
5
What is the value of 1 + 2 - (7 + -7 - -6)?
-3
Evaluate (2 - 4 - -5) + (-62 - -65).
6
Calculate (-3 + 0 - (-1 - 4)) + -8.
-6
Calculate (9 - 2) + -11 + (6 - 1).
1
-2 + (-4 - -11 - 3)
2
(2 - 0) + -2 + 1 - 0
1
What is -77 + 71 - (1 + -3)?
-4
Calculate 0 - (-4 - (-4 + 3)) - 1.
2
What is the value of 9 + -8 - (3 + -2)?
0
Calculate 3 + (1 - -1 - 3).
2
Calculate 2 + 1 + 0 + (-1 - 0).
2
Calculate 2 - (-3 + (-5 - -7)).
3
What is 17 + -25 + 7 + (0 - -2)?
1
Calculate 0 + 0 + (-1 - (2 + -6)).
3
What is the value of 1 + 8 - (20 + -14)?
3
Calculate (6 - (2 - -8)) + 3.
-1
Evaluate 2 - (-6 - (2 - 0 - 7)).
3
Evaluate -1 + (-3 - (1 - 2)).
-3
Evaluate 3 + (3 - (0 - (-9 - -3))).
0
What is the value of 16 + -7 + -4 - (-4 - -7)?
2
Calculate -12 + (6 - (5 - (5 + -3))).
-9
What is -3 + 6 - (-2 + 1) - -1?
5
What is -13 + (-4 - (-11 - 5))?
-1
What is 13 - 16 - (-1 - -2)?
-4
Calculate 0 + 1 - ((7 - -1) + -1).
-6
-2 - -9 - (20 + -11)
-2
What is the value of (3 - 4 - -5) + -14 + 1?
-9
22 + -19 + (-1 - -3)
5
Calculate 8 - -3 - (-5 + 8).
8
(-1 - 1) + (12 - (-12 + 17))
5
What is the value of 6 - (4 + -2) - 3?
1
What is the value of -2 + (2 - 4 - -4)?
0
(-5 + 10 - 9) + (0 - -6)
2
Calculate 8 + 8 + -4 - 19.
-7
What is 2 - (3 + (5 - 8))?
2
What is (1 - -4) + (-11 - -10)?
4
What is the value of -9 - -5 - (-3 - 1)?
0
Evaluate (0 - 3) + 9 + -3 + -2.
1
What is -3 + 4 + 3 + -6?
-2
What is the value of -6 - (4 - -5 - 12)?
-3
What is (3 - 0) + (34 - 33)?
4
Evaluate (6 - (-4 + 1)) + -4.
5
Calculate 5 + 2 + (20 - 26).
1
14 + 0 - 7 - 11
-4
Evaluate -4 + (2 - 3 - (-11 + 9)).
-3
-5 - (1 - (-1 + (-1 - -4)))
-4
What is the value of -2 + 4 + 7 + -2 - 6?
1
What is -6 + 7 - 1 - -1?
1
Evaluate 1 - (4 + 8) - -4 - -4.
-3
(-4 - 1 - -4) + 2
1
Evaluate -10 + 2 + -1 + 6 + -2.
-5
Evaluate (1 + 21 - 9) + (-5 - 1).
7
Evaluate (0 - (3 + -2)) + -3 + 0.
-4
Calculate -5 + -1 - (-84 + 81).
-3
Calculate 3 - (9 - 2) - (-2 - -4).
-6
Calculate -3 + -1 + -2 + 4.
-2
Calculate 4 + 3 - ((-6 - -3) + 16).
-6
Calculate (1 - -3) + 2 + -2 + 1.
5
Calculate 0 - 3 - (-5 - (5 - 2)).
5
What is -8 - (-7 + -5) - -4?
8
Evaluate (3 - 18 - -7) + (6 - 1).
-3
Calculate 5 + (0 - 1) + -1 + -6.
-3
Evaluate 1 + 5 + (8 - 12).
2
Calculate -4 - -2 - ((-5 - -2) + 0).
1
(1 - -1) + 1 + -6
-3
What is the value of 13 + 0 + (4 - (7 - -5))?
5
What is (7 - 10) + 4 - 3?
-2
-3 - (0 + -5 - -2)
0
Evaluate -4 + 3 - (-6 - (-5 - -1)).
1
Evaluate 2 + 3 - (1 - 0) - 2.
2
(6 - 9) + (3 - -1)
1
0 - (3 - (-4 + 8))
1
Evaluate (-5 - -3) + -2 - (4 + -9).
1
Calculate -5 + 1 - (1 + (-5 - -5)).
-5
(-5 - -1) + -3 + 6 + -4
-5
3 + 1 + -4 + 4 + -1
3
What is (6 - (3 + -2)) + -6?
-1
What is (98 - 91) + 1 + (-1 - -2)?
9
(-2 - 1) + -5 + 6 + -2
-4
Evaluate 19 + -22 + -2 + (1 - -11).
7
(-1 - 4) + 4 + -3 + 8
4
What is 1 + (-3 - 0) + 2 + 4?
4
Calculate -1 - (3 - -1) - (-18 - -21).
-8
Evaluate 0 + 5 + (132 - 143).
-6
What is -2 - (1 - (1 + 2))?
0
Evaluate (0 - (6 - 2)) + 2.
-2
Calculate 3 + 0 - (0 + 3 - 4).
4
What is -17 + 15 + (-2 - -2)?
-2
Calculate (-83 - -85) + (7 - 1).
8
Calculate 6 + (1 - 1 - 6).
0
What is the value of (-1 - -1) + 2 - (16 - 15)?
1
(-58 - -59) + -1 + -3
-3
Evaluate 2 + -2 + 6 + -2.
4
What is -1 - -1 - (-7 - -6 - 0)?
1
What is 3 - 6 - (-8 + -1)?
6
Calculate -2 + (-3 - (6 + -6)).
-5
What is the value of -2 - (-1 + 2 + -3 - 3)?
3
What is 10 - (10 + 4 - 7)?
3
Evaluate 1 - -6 - 5 - 1.
1
Calculate -1 + 2 + -3 - -4.
2
(13 - 32 - -1) + 11
-7
What is the value of -2 + 4 + 4 + -3?
3
What is 12 + -3 + (3 - 4)?
8
Calculate -3 + (-3 - 0) - (-4 - -6).
-8
Calculate -7 + 3 - (1 + -2).
-3
Evaluate -2 + (-1 - -9) + 5.
11
What is the value of -2 - (-3 - -2) - 4?
-5
(4 + 0 - 8) + 6 + 1
3
Evaluate 11 + -2 + 16 + -17.
8
Calculate (-2 - (-2 - -1)) + 2.
1
Evaluate 0 + (-1 - -6) + -5.
0
Evaluate 4 - ((-7 - (-5 - -3)) + 12).
-3
What is the value of 9 + (-2 - 8) + 7?
6
Evaluate -1 + -4 + -3 + 2.
-6
What is the value of 1 + -2 - (3 - (6 + -2))?
0
What is the value of (8 - (9 - 2) - 7) + 6?
0
What is 6 + -1 + -9 + 6?
2
Evaluate 6 + -16 + (-7 - -10).
-7
What is (4 - (6 - -2)) + 2 - 3?
-5
What is 0 + 2 - (3 - 0)?
-1
What is 20 + 0 + -17 - (1 - 3)?
5
Evaluate 4 - (5 - (-4 - -7 - 1)).
1
What is 2 - (2 - -7 - 3)?
-4
Evaluate 3 + -3 - (-1 + 0).
1
2 + 6 + -6 + 0 + 0
2
Calculate 2 - (2 - (-1 + 1)).
0
(-4 - -2) + 0 + 3 + 1
2
Evaluate -5 - ((1 - 6) + 5).
-5
What is the value of -2 - (10 - 11) - 3?
-4
Evaluate 1 - 1 - (-12 + 16).
-4
(-5 - (-4 + 5 + -2)) + 8
4
-1 + 0 + (-11 - -9) + 3
0
Evaluate -22 + (-19 - -13) + 20.
-8
Evaluate 0 + (-3 - (-7 + 3)).
1
What is (0 - -3) + 1 + -2 + 0?
2
What is -2 - (-3 + 4 + (-1 - 2))?
0
Calculate -6 + 8 - (-1 - 1).
4
What is 5 + -3 + 2 + 1?
5
Calculate -12 - (-25 - (2 + -10)).
5
Evaluate -6 - -6 - (3 + -2 - -3).
-4
25 + -29 - (-2 + -1)
-1
What is the value of 5 + (-3 - -1) + 16 + -15?
4
What is -12 - -6 - -6 - 5?
-5
Evaluate -1 - (3 + 5) - -15.
6
Evaluate (-1 - (6 - 14)) + -6.
1
Evaluate -4 - (-10 + 0 - -1).
5
What is the value of -4 + 6 + (0 - 5) + 9?
6
What is -2 - -5 - (-1 + 0) - 3?
1
Calculate (3 + 1 - 20) + 10.
-6
What is 0 + -6 + 16 - 6?
4
Evaluate -10 + 9 + 7 + -9.
-3
Calculate 5 - (10 + 1 + -6 - 0).
0
What is 0 + 4 + -8 + (13 - 4)?
5
What is 6 + 3 + (-9 - 9)?
-9
2 + (-13 - -3) + 2 + 8
2
-7 + 8 + (1 - 5)
-3
What is 1 + -4 + 2 + 1 + 3?
3
What is the value of 0 - -5 - (29 + -25)?
1
Calculate (2 - 2 - (-5 - -7)) + 3.
1
What is -33 - -22 - (1 - 20)?
8
Calculate -2 + (6 - (5 + 2 + 3)).
-6
Calculate 2 + 0 - (-1 + 8) - -1.
-4
4 - (-3 - -7) - -5
5
Evaluate -5 - 7 - (6 + -8 + -4).
-6
Evaluate 0 + -3 + (-2 - -1).
-4
Evaluate (2 - -2) + 0 + -2.
2
What is ((-2 - 8) + 1 - -4) + -1?
-6
What is -1 - (-3 - (3 + -3))?
2
Evaluate (-2 - -5) + 5 + -5 + -3.
0
Evaluate -23 + 21 + 1 + 3 + -8.
-6
Evaluate -2 + 0 - (2 + (-3 - -2)).
-3
What is the value of -5 - ((3 - 3) + -1) - 1?
-5
What is -2 + (-3 + 17 - 7) + -8?
-3
Calculate 2 - -1 - (-2 - -6) - -1.
0
What is the value of 4 - 9 - -2 - -5?
2
Evaluate -6 + (-1 - (4 + (1 - 6))).
-6
What is (1 - (-4 - -3)) + -2 - -6?
6
Evaluate -16 + 17 + (-4 - 1).
-4
3 - (-6 - -4 - -7)
-2
Evaluate (3 - (3 + 3)) + 8.
5
What is -1 + -2 + (47 - 39)?
5
Calculate (4 - 7) + (-2 + -3 - 3).
-11
Calculate -1 + 8 - (23 + -8).
-8
Calculate -5 + (19 - 7 - (3 + -2)).
6
0 + 2 + -5 - (-4 + -5)
6
What is 10 + 3 + (12 - 22)?
3
What is -1 + -4 + 4 - -5?
4
Evaluate -16 - -9 - -11 - 11.
-7
Calculate 2 - (7 + 1 + 0).
-6
What is 2 - 13 - (-1 - (5 - 1))?
-6
What is the value of 8 + (-3 - 6) + 2?
1
Calculate (4 - (-8 - -8)) + -5.
-1
Calculate 6 + -9 + 0 - (-6 + -1).
4
(0 - 0) + 5 + -7 - -2
0
What is -1 + 11 - 2 - (32 - 27)?
3
What is 37 + -33 + -2 + (2 - 1)?
3
-5 + 5 + 5 - (5 + -2)
2
What is -6 + (-2 - 3) + (11 - 6)?
-6
What is (-4 - 2) + (0 + -3 - -5)?
-4
What is the value of (-1 - -1 - -9) + -4?
5
Calculate -1 + -7 + (25 - 21).
-4
Calculate (0 - 0) + 2 - (10 - 4).
-4
What is the value of 8 - (8 - (6 - 2))?
4
Calculate -141 + 160 + (-1 - 10).
8
Evaluate (18 - (7 - -3)) + 2.
10
Calculate (-5 - 0) + (11 - (-8 - -18)).
-4
-4 + 7 + -4 + 1
0
(-12 - -22) + -7 + -1
2
Calculate 5 + -7 + 0 - (-4 - -1).
1
2 + (-8 - (5 + -16))
5
Evaluate 4 + (0 - -6) - 7.
3
What is (13 - (2 + -4)) + 8 + -16?
7
What is the value of (-8 - -1) + 7 - 0?
0
What is -2 - 1 - (0 + 1 - 8)?
4
What is (-16 - -13) + -1 + 4 - -2?
2
Calculate (16 - 21) + 5 + 0.
0
Evaluate 7 + -2 - 10 - -10.
5
Evaluate 48 + -59 + -1 + 6 + 2.
-4
Calculate 0 + (-2 - (4 + -